t is 42 - -9 - (-52 + 88)?
15
Evaluate 25 + -45 + (-3 - -6).
-17
Evaluate (14 - (11 - (8 + -6))) + 9.
14
What is -261 - -241 - ((-3 - -2) + -3)?
-16
Evaluate 3 - (8 - (-6 + 19)).
8
What is 4 - (1 + -6 - (6 - 1) - -3)?
11
-6 - (0 + (2 - 7))
-1
-12 + (9 - (-31 - -20))
8
What is -26 + -6 + 6 + -10 + (8 - 6)?
-34
Calculate 1 - 4 - (0 - 27) - (214 - 217).
27
Evaluate -3 - ((6 - (12 - 8)) + -4 + 7).
-8
Calculate -4 - ((-6 - -2 - -2) + 1 + -7).
4
Calculate -27 + 29 - (0 + -1) - 11 - 6.
-14
12 + -2 - (40 - (26 + -10))
-14
30 + 10 - 23 - 9
8
Calculate -25 - ((-9 - -2) + (-103 - -93)).
-8
Evaluate -13 + 8 - (-1 - -11).
-15
-30 + (-21 - (-45 - -11))
-17
7 + (-1 - 3 - -1) - (-9 - 8)
21
What is the value of 1 + -28 + 21 + (14 - 27)?
-19
What is 6 + (-15 - -7) - 12?
-14
What is the value of -22 + (-15 - (2 - (-5 - -30)))?
-14
Evaluate 2 + 1 - (-7 + 4).
6
What is the value of (-1 - -2) + (21 + -13 - 8)?
1
Evaluate -7 + (-16 - (25 + -56)).
8
Calculate (7 - 20) + 8 + 1 + -3.
-7
Evaluate (-20 - (-25 - -6)) + -7 + -2.
-10
-14 + (-2 - -17) + -18
-17
-3 + 12 + (21 - 40) - -48
38
Calculate (-8 - 10) + (-9 - -11).
-16
(-1 - -1 - -9) + (-7 + 35 - 28)
9
What is (5 - (-4 - 6)) + -5 + 12 - 10?
12
Evaluate (15 + -9 - 10) + 11 + 10.
17
5 + 7 + (-8 - -13) + 6
23
What is the value of -9 + (-19 - -14) - -5?
-9
Calculate -1 + (-3 + 11 - 5) + 2.
4
What is -29 - (-5 - (33 - 28))?
-19
What is 6 + (1 - 3) + 0 + -4?
0
Calculate (-10 - -31) + -28 + -6.
-13
Evaluate (15 - 22) + (-4 - 1).
-12
-13 - (-1 + -9 + (4 - (-6 + 4)))
-9
What is (15 - (2 - -16)) + 54 + -17?
34
Calculate (-3 - 7) + 19 + -19.
-10
22 - (12 - (-21 - -24))
13
Evaluate 15 + (-43 + 1 - -15).
-12
Calculate 5 + 1 - (-10 + -16 + 22).
10
Calculate -100 - -122 - (2 + -4 + 10).
14
Calculate -10 + -1 - -3 - (-9 + 1).
0
Evaluate -2 + (-6 - 0) + (14 - 5) + -1.
0
Calculate 8 - (0 + 5 + (-98 - -92)).
9
Evaluate -12 + (7 - 13) + 30.
12
Evaluate -1 + -13 + 14 - (1 - (2 + 6)).
7
What is -2 + ((9 - -1) + -5 - -11)?
14
Evaluate -2 - (-3 - (-2 - -5 - (26 - 19))).
-3
What is 183 + -166 + 1 + (-1 - 1)?
16
What is the value of (-14 - -31) + -7 + -22?
-12
What is the value of 0 - (-1 + 1 + (16 - 23))?
7
Evaluate 7 - (11 - (-16 + (-5 - -11))).
-14
Calculate -6 + 2 + 3 - 3 - (-13 + 27).
-18
(-5 + 4 - -7) + 6 - (15 - 9)
6
Calculate 5 + 1 - (-11 - (-14 - -9) - 1).
13
Evaluate 26 + -22 + -2 - (4 - (-1 + 2)).
-1
What is 16 - 1 - (10 + -15 + 3)?
17
What is 2 + 2 + -19 + 5?
-10
Evaluate -3 + 0 + 7 + -8 - -3.
-1
What is the value of (-6 - 2) + 2 - (0 - 16)?
10
What is the value of 14 - (-2 - 5) - 15?
6
What is the value of (3 + 17 - (-11 + 28)) + -29?
-26
-10 + (19 - (20 + 3) - -11)
-3
What is the value of 0 - (19 + -27 - (-4 + 1))?
5
384 + -397 + (-1 + -1 - (-6 + -2))
-7
Calculate -4 - ((0 - 0) + -26) - (48 - 49).
23
Evaluate 34 - (-13 + 15) - (-3 - -17).
18
What is -6 - (0 - (24 - 9) - -4)?
5
(7 - 17) + (12 - -4)
6
25 + (28 - 28 - 15)
10
Evaluate (-2 - (3 - 1) - 4) + -23 + 15.
-16
What is 90 - 88 - (-3 + -23)?
28
What is 10 - (-15 - -2 - (-17 + -13))?
-7
What is 0 + -11 + (-2 + -18 - (-8 + -2))?
-21
Evaluate 13 - ((-1 - 9) + 3 - -13).
7
Evaluate -3 + -1 + (59 - 68).
-13
(91 - 84) + (-13 - -2)
-4
Evaluate -13 - ((-1 - 4) + -12 - 16).
20
What is the value of (528 - 544) + (-9 - (-3 - -2))?
-24
Calculate (5 - 2) + (7 - 12) + 5 - -3.
6
What is the value of -17 + (-30 - -17 - -36)?
6
What is the value of (-18 - -3 - -38) + -10 - 1?
12
Evaluate 1 - -4 - (33 + -8 - (-23 + 37)).
-6
Evaluate -18 + (-11 + 34 - 8).
-3
Evaluate -4 - (-1 + -23) - (-150 - -136).
34
Calculate -11 + -14 + 10 + 11.
-4
Evaluate (9 + -18 - -2) + 3 + (1 - 0).
-3
Calculate 4 + 0 + (452 - 449).
7
What is 6 + 0 + 20 + -17 + 1 + -7?
3
What is -14 + -1 + (59 - 89) + 74?
29
What is 2 - ((-18 - -7 - -27) + -1 + -4)?
-9
Calculate 11 + -1 + -13 - -9.
6
Calculate (48 - 50) + (3 - 1).
0
Calculate 25 - 9 - -5 - (-6 + 15).
12
What is 2 + (3 - (7 - (-4 - 2 - -9)))?
1
Evaluate -3 + 15 + -13 + -2 + -1.
-4
Evaluate -4 + -1 - (-36 - -37 - (24 + 0)).
18
What is (21 - (-9 + 16)) + -2?
12
Calculate 1 - (8 + (6 - 11) - (-2 - 4)).
-8
21 + 0 - (-3 - (-1 + 14 + -12))
25
20 + -25 + -11 + 4 + 2
-10
2 + (-2 - (-5 - (-6 - 1 - -6)))
4
(-4 - 5) + (8 - (-2 + 7))
-6
-1 - ((-9 - -8) + 10)
-10
Calculate -27 + 32 + 3 + 7.
15
What is 3 - (-9 + 0 - -10 - 3)?
5
Evaluate -2 + 8 - (-70 + 109) - -12.
-21
What is the value of -43 - (-40 + 17 + 3) - -3?
-20
What is the value of 4 - -29 - (-3 + 22 + -13)?
27
What is -4 + 5 + 0 + -5 + -2 + -4?
-10
-8 - (-4 + -1 + 1 - (-5 - 4))
-13
What is the value of 20 + (8 - 10) - 24?
-6
Evaluate 19 + 4 + -4 + -10 + -9.
0
Evaluate 15 + -5 - (8 + 0 + 13).
-11
What is (-1 - (3 + 4)) + 2?
-6
What is -10 + 54 + -6 + -19?
19
What is the value of -13 + 3 + -3 + 6 + -11?
-18
(-12 - -19) + (1 - 11) + -19
-22
Evaluate -19 + 33 - 17 - (11 + 0).
-14
What is -22 + 0 + 1 + (-145 - -159)?
-7
Evaluate -6 + ((0 - 12) + 5 - 4).
-17
What is -5 + -3 + (-5 - -1) + 2?
-10
(-9 + 15 - 7) + 15 - -20
34
Calculate (-2 + -2 + 6 - 4) + 9 + -15.
-8
Calculate -3 + 10 - 15 - -2 - (8 + -2).
-12
Calculate 3 + -1 + (4 - -12) + -24 - -8.
2
Evaluate -15 - (5 - (5 - -15)).
0
Calculate -14 - (-34 + (12 - 21) + 12).
17
Evaluate 5 + (4 + -5 - (14 - (-3 - -2))).
-11
Evaluate 4 + (-5 + -1 - (-8 - 0 - -5)).
1
Calculate 23 + (-5 - 1) - 19.
-2
Evaluate -5 + 3 - (141 + -164).
21
What is the value of 15 + 10 + (-6 - 3)?
16
What is -3 + -23 + -47 + 68?
-5
Calculate (16 - (2 - -12)) + 4.
6
Evaluate 24 + (0 - 25 - -3).
2
What is 52 + -59 + 1 + 0 + 9 + 3?
6
Evaluate -6 + -34 + -4 - -34.
-10
Evaluate (-7 - (22 - 4)) + 58.
33
What is 4 + (-13 + 28 - 25)?
-6
Evaluate -16 + 12 + (-9 - -8) - 10.
-15
What is (-3 - 4) + -8 - (-11 + 2)?
-6
Evaluate -1 - -1 - (-31 - -12 - -25).
-6
What is the value of 8 + (-1 - (10 + -19 + 6))?
10
Evaluate -2 + 1 + (12 - 13) - (1 - -6).
-9
What is 18 - 16 - 17 - 1?
-16
What is the value of (-23 - (-17 - -2)) + (0 - -25) + -1?
16
Evaluate (10 + 8 + -43 - (7 + -1)) + 9.
-22
What is the value of -1568 - -1565 - (0 - (1 + 18))?
16
(-11 - -20 - 9) + 14 + 0
14
Evaluate -266 + 250 + (2 - 0).
-14
Calculate -1 + (4 - 5) + 9 + -5 + 4.
6
What is the value of 0 + 6 + (11 - (15 - 3))?
5
(-73 - -70) + 23 + (-7 - (-1 - 3))
17
What is the value of 6 + -11 + 41 - 19?
17
What is -6 - -7 - -7 - 12?
-4
What is the value of -14 - (-12 + 3 + 6)?
-11
What is 1 - ((-3 - -1) + (-12 - -9 - 1))?
7
What is 0 + (-1 - 8) - (-442 + 443)?
-10
Evaluate -5 + 20 + -13 + 10 + -4.
8
Calculate -15 + (-15 - (-1 - 14)) + 12.
-3
What is -1 - 15 - (-100 - -88 - (-10 + 2))?
-12
Calculate 0 - (6 - -6 - 1).
-11
3 + 10 + 27 + -34
6
What is the value of 42 - (18 + -1 + 9)?
16
Calculate (-5 - 16) + (110 - 109).
-20
45 + -20 - (46 + -1)
-20
What is (3 - (-12 - -24)) + 10?
1
-3 - (24 + (-14 - (6 - 14)))
-21
(-96 - -102) + 4 + (5 - 23)
-8
What is 9 + 0 + 1 + -5 + (25 - 17)?
13
Calculate 9 + -5 + (-9 - 16).
-21
What is 3 + -23 - -14 - (7 + -7)?
-6
What is -2421 + 2417 - (1 - 1 - (-17 + -2))?
-23
What is 7 - 3 - (-1 - -3 - 1 - -15)?
-12
What is the value of 2 - 13 - 1 - (168 - 176)?
-4
Calculate -9 + -1 + 9 + 11.
10
What is (0 - 4) + 5 + -8 + -10 + 0?
-17
Evaluate 1 + (-17 - 0) + -21 + 22.
-15
Evaluate -4 + -13 + (13 - (23 - 26)).
-1
Calculate 10 + -35 + -2 + (10 - -11).
-6
9 - (-6 + -27 + 26)
16
Evaluate (59 + -46 - (27 - 1)) + -9.
-22
Evaluate 5 + -2 + 8 + (-44 - (-12 - -1)).
-22
What is -2 + 12 + 5 + -21 + -6?
-12
Calculate 13 + (-22 + 4 - (13 - 20)).
2
(19 - 20 - (-3 - -2) - -3) + -15
-12
Calculate (4 + -1 - (7 - -2)) + (-1 - -2).
-5
What is 4 + -15 + (-13 - -12)?
-12
Calculate 15 + 1 + 6 + -33.
-11
What is the value of -44 + 37 + (-6 - -22) + -4?
5
-3 + (10 - (-3 + 1)) + -3
6
What is the value of 1 + (9 - -1) + (15 - (-173 + 204))?
-5
Evaluate 5 + -22 + 42 - 23.
2
Calculate 30 - (56 - 3) - -2.
-21
42 + (-23 + -4 - 1) + 16
30
What is 0 + -7 + (-5 + 19 - 2) + 1?
6
What is 28 + (-20 - 13) + 19?
14
What is -304 + 301 - (-1 - (29 + -1))?
26
Calculate 28 + 28 + -50 + 18.
24
What is 3 - (-23 - (19 - 61))?
-16
Evaluate -2 - (-7 - -3) - -8 - (-870 + 880).
0
Evaluate 9 - (-25 + 18 - -1).
15
What is the value of 12 + (-3 - (0 - 0) - -11)?
20
Calculate -6 + 2 + -12 - 3.
-19
Calculate -55 + 72 - (-1 - -24).
-6
What is 1 - (29 + (4 - (-9 + 19 + -9)))?
-31
What is -9 - 1 